uppose -33 = -3*l - 4*r, 0 = -r + 1 + 2. Suppose l*x - 3*x = 8. Let y = -3 + x. Give v(y).
0
Let z(v) = v**2 - 3*v - 2. Let d be z(4). Let u be (-2)/(-9) - d/9. Let f(b) = b**2 + b - 6. What is f(u)?
-6
Let f be 2/(-4)*(-7 + 5). Let p(i) = 8*i. Give p(f).
8
Let y(m) = m**2 + 2*m - 21. Let i be y(-5). Let j(r) = r + 3. What is j(i)?
-3
Let m(k) be the second derivative of -k**3/6 - k**2 - 10*k. Determine m(-4).
2
Let f = -3 + 3. Let q = 0 + f. Let z(r) = -r**2 - 12*r + 12*r + 8. Give z(q).
8
Let h be (-17)/51 - (-10)/12. Let w(s) be the second derivative of -1/6*s**4 - h*s**2 + 0 + 0*s**3 + 3*s. Determine w(2).
-9
Let n(h) be the second derivative of h**5/60 - 7*h**4/24 + 5*h**3/6 - 7*h**2/2 - 4*h. Let c(f) be the first derivative of n(f). Give c(4).
-7
Let t(y) = 7*y - 7 + 3 - 8*y**2 - 4*y**2 + 10*y**2. Calculate t(5).
-19
Let s(u) be the second derivative of -u**3/6 + u. Let c = -15 - -15. What is s(c)?
0
Let h = -74 - -70. Let s = 4 - 2. Let t(l) = -4*l**3 + 5*l**s + 4*l + l**3 - 2 + 4*l**3. Give t(h).
-2
Let h(z) = -20*z**3 + 15*z**3 - 6*z**2 - 5 + 4*z**3 - z. What is h(-6)?
1
Let l = 30 - 35. Suppose -2*x = -z + 3*x - 13, -x + 5 = z. Let u(d) = 2*d - 5 - z - 3*d. Give u(l).
-2
Let b(k) be the third derivative of 3*k**2 - 1/12*k**4 + 0*k + 1/6*k**3 + 0. Determine b(4).
-7
Let q(b) = -b**2 + 3*b - 2. Suppose -m = -0*m. Suppose -4*r + 2*r + 6 = m. Give q(r).
-2
Let p(d) be the first derivative of d**4/4 + d**3 - d**2 + d - 9. Determine p(-2).
9
Suppose -3*x = 3*o + 15, -2*x - 3*x = -2*o + 11. Let i(c) = 1 + 3 - 2 - c. Give i(x).
5
Let t(r) be the third derivative of -r**6/120 + r**5/12 - 5*r**4/24 + r**3/2 + r**2. Calculate t(4).
-1
Suppose -4*g + 24 = 3*q, 4*q - g = 2*g + 7. Let z(c) = -q + 7*c - c**2 - c - 2*c + 9. Give z(5).
0
Let f(y) be the third derivative of y**4/24 - y**3/6 - y**2. Let w = 0 + 4. Determine f(w).
3
Let v(s) = -4*s. Let q = 17 - 18. Determine v(q).
4
Let j = 3 + 0. Let t(k) = -2*k + 4*k**2 - k**2 + j*k. Let h = -137 + 136. Determine t(h).
2
Let z(m) = -m + 7. Let d be z(5). Let b be (5/d - 2)*2. Let p(k) = 7*k**3 + 2*k**2 - 2*k + 1. Calculate p(b).
8
Let o(q) = 2*q**3 + 13*q**2 + 13*q + 7. Let b(j) = -j**3 - 7*j**2 - 7*j - 4. Let y(d) = 5*b(d) + 3*o(d). What is y(-3)?
-2
Let z = 1 + 1. Let s(t) = 6 - 8 - 6 + t**z + 6*t. Calculate s(-7).
-1
Let s = 6 + -3. Suppose -2*i - s*i = -2*l + 25, 3*l + 20 = -4*i. Let r(m) = m**3 + m - 3. Determine r(l).
-3
Suppose -3*g = 2*c - 5*c - 3, 0 = -g - 4*c + 26. Let y(l) = -l + 3. Let q(s) = -3*s + 9. Let v(k) = g*q(k) - 17*y(k). Let d = 0 + 0. What is v(d)?
3
Let g be -1 + 2 + 6 + -2. Suppose -2*n + g = -n. Let h(y) = -y**3 + 6*y**2 - 5*y - 7. Calculate h(n).
-7
Let z(w) = 2*w + 2. Suppose 5*o + 85 = 5*v, 2*o + 23 + 25 = 3*v. Suppose -5*c = -2*k - 15, 4*c = 5*k - v + 43. What is z(k)?
-8
Let w(j) be the third derivative of -j**6/120 - j**5/15 - j**4/6 - 2*j**3/3 - j**2. Let x = 66 + -69. Give w(x).
-1
Let m(o) = 5*o + 4. Let f(q) = 7*q + 6. Let k(r) = -5*f(r) + 8*m(r). What is k(-4)?
-18
Let b = -12 - -6. Let q(r) = r**2 + 7*r + 2. What is q(b)?
-4
Let c(v) = v**3 - 5*v**2 + 5*v - 4. Suppose 0*k = k. Suppose k*x = x, 4*a + 2*x = -60. Let o be 5/a - 20/(-6). Give c(o).
-7
Suppose 0 = -4*d - 4*s + 128, 44 = -4*d + 6*d - 3*s. Let a(c) = 32 - d - 5*c + 2*c. Calculate a(3).
-5
Let y(j) = -j + 1. Let d(w) = -w**3 + w**2 + 6. Let v be d(0). Let a(s) = -s**3 + 5*s**2 + 4*s - 4. Let t be a(v). Let m be ((-3)/2)/(6/t). What is y(m)?
-3
Let r(f) be the second derivative of -f**5/120 - f**3/2 + 4*f. Let p(w) be the second derivative of r(w). What is p(-4)?
4
Let w(p) = -3 - 276*p**2 + 277*p**2 - 5*p - 2. What is w(5)?
-5
Let o(x) = -x**3 + 2*x - 5. Let i be o(-3). Let z(f) = 3*f**2 - 1. Let w be z(-1). Suppose -6*a = -w*a - i. Let g(m) = m**2 - 6*m + 6. Calculate g(a).
-2
Let o(m) = -13*m**2 + m - 1. Let f = 21 + -20. What is o(f)?
-13
Let f = -8 - -9. Let w = -3 - f. Let j(v) be the second derivative of -v**4/12 - 2*v**3/3 + 3*v**2/2 - v. What is j(w)?
3
Let z(v) = 11*v**2 - 6*v**3 - 2*v**3 - 3 - 3*v**3 - 2*v**3 - 20*v. Let x(s) = 3*s**3 - 3*s**2 + 5*s + 1. Let y(q) = -9*x(q) - 2*z(q). Give y(4).
-7
Suppose w + 2*n = -14, -5*w + 3*n - 1 = 4. Let v(r) be the third derivative of -r**4/24 - 4*r**3/3 + 4*r**2. Calculate v(w).
-4
Let c(t) = 6*t - t**3 + 6 + 2*t - 17*t**2 + 10*t**2. What is c(-8)?
6
Let l(b) = -2*b - 10. Suppose -23*r + 24 = -26*r. Determine l(r).
6
Let n(x) = x + 6. Let s be (2/(8/(-9)))/(75/200). Calculate n(s).
0
Let z(n) = 0 + 2*n + 6 - 4. Calculate z(2).
6
Let r(a) = -27*a - 1. Suppose 3*f + 5*o = 8, f - 5 = -2*f - 2*o. Determine r(f).
-28
Let m(c) = c - 3. Let p be m(6). Let l(b) be the third derivative of 0 + 1/60*b**5 + 0*b - 1/12*b**4 - 2*b**2 - 1/2*b**3. Give l(p).
0
Suppose 18*p - 22*p - 20 = 0. Let f(z) = z**2 + 8*z + 4. What is f(p)?
-11
Let v be 2/(-2) + 52/48. Let m(u) be the second derivative of -u**2 + v*u**4 + 0 - 5/6*u**3 + 3*u. Calculate m(5).
-2
Let g(q) = q**3 + q**2 - q - 5. Let d be 3 + (-1 + 4 - 2). Let r be (3/4)/((-1)/d). Let s = r - -3. Determine g(s).
-5
Let j = -41 - -43. Let t(f) be the third derivative of 0 - j*f**2 - 1/24*f**4 + 0*f - 2/3*f**3. Calculate t(-5).
1
Let j(z) = -z**2 + 2 - 6*z**3 - 2*z + 5*z**3 - 2*z**2 - 2*z**2. Determine j(-3).
-10
Let m(l) = -8*l + 4. Let x(p) = 1. Let s(u) = m(u) - 4*x(u). Determine s(-1).
8
Let o(y) = 3 + 2*y + 5*y - 10*y. Determine o(2).
-3
Let x(y) = -10*y**3 + y**2 + y - 1. Let w be x(1). Let u be -1*(-3)/(w/(-12)). Let z(a) = -a**3 + 5*a**2 - 3*a + 2. Determine z(u).
6
Let f(t) be the second derivative of -t**3/6 + 5*t**2 - 10*t. Give f(10).
0
Let m(g) = g + 10. Let u be -5 + 2 + (0 - 5). Let k be m(u). Let c(j) = k*j + 0*j**2 - j**3 - 7*j**2 + 9*j**2. What is c(3)?
-3
Let v(q) = q - 2. Let a be (-4)/6 - 32/(-12). Let n(o) = o - 2. Let c(j) = a*n(j) - 3*v(j). Calculate c(5).
-3
Let u(m) = m + 5. Let c be u(-11). Let t(v) = v + 6. Calculate t(c).
0
Let g(r) = 4*r - 6*r - 1 - r. Calculate g(-1).
2
Let r(s) be the first derivative of s**4/4 + 5*s**3/3 + 3*s**2/2 - 3*s + 9. Calculate r(-3).
6
Let a(v) = -v - 12. Let x(h) = 4*h + 49. Let p = -1 - 1. Let j(k) = p*x(k) - 9*a(k). Let u be j(-7). Let y(g) = g**3 - g**2 - 3*g - 3. What is y(u)?
6
Let h(m) be the second derivative of m**3/6 - 5*m**2/2 - m. Let c(z) = -z**2 - 7*z + 7. Let j be c(-7). Let t = j + -3. Give h(t).
-1
Let l(v) = -v**2 + 7*v + 4. Let y(o) = o - 17. Let u be y(15). Let k(m) = -5*m**2 + 28*m + 16. Let i(p) = u*k(p) + 9*l(p). What is i(-6)?
-2
Let x(b) be the second derivative of -b**5/20 - 7*b**4/12 - b**3/3 - 3*b**2/2 - 20*b. Calculate x(-6).
-27
Let u be (20/25)/(2/5). Let s(b) be the first derivative of -2 + 1 - 2*b**u + 4*b**2. Calculate s(1).
4
Let w(l) = l**2 - l + 5. Let s(a) = 6*a**2 - 6*a + 26. Let o(n) = -n**2 + n + 1. Let k be o(4). Let v(u) = k*w(u) + 2*s(u). Let m = 11 + -11. Give v(m).
-3
Let w(p) = 2*p**2 - p**2 - 2*p + 1 + 3*p. What is w(0)?
1
Suppose 0 = -2*r - s - 3*s - 14, 3*s = 2*r - 21. Let i(h) = -h**3 + 5*h**2 - 5*h + 4. Determine i(r).
7
Let m(z) = z**2 - z - 1. Let f(k) = -7*k**2 - 2*k - 1. Let w(x) = f(x) - 2*m(x). Suppose -3*s + 2*s = -1. Calculate w(s).
-8
Let s(a) be the first derivative of a**3/3 - 2*a**2 + 6*a - 1. Let j = -71 - -76. Calculate s(j).
11
Let x(p) = -p - 2. Suppose -2*c + 34 = -4*a, a = -a + 5*c - 37. Determine x(a).
4
Let n = 57 + -32. Let j = -23 + n. Let b(k) = -5*k + 2. Determine b(j).
-8
Suppose 5*j - f - 30 = 2*f, -4*f = 20. Let n(a) be the second derivative of 0 - 2*a**2 - 3*a + 1/3*a**3. What is n(j)?
2
Let a(s) = s + 4. Let z(j) be the third derivative of 5*j**4/24 + 7*j**3/2 - 9*j**2. Let q(l) = 11*a(l) - 2*z(l). Calculate q(5).
7
Let t(i) be the second derivative of -i**3/6 + i**2 - 15*i. Calculate t(0).
2
Let v(y) = -y**3 - 4*y**2 - y - 6. Suppose b - 18 = 4*l + 2*b, -3*l - 23 = -4*b. Give v(l).
24
Let d = 2 - 1. Let n be (-3)/12 + (-17)/(-4). Let p(a) = 4 + 0 + 1 + 7*a - n. What is p(d)?
8
Let k = -8 - -10. Let a(w) = 1 - 6*w + 0*w - 3*w**2 + 2*w**k + w. Give a(-4).
5
Let z(q) = -q**3 - 4*q**2 - q + 2. Let x = 3 - 7. Determine z(x).
6
Let w(g) = g + 1. Let k be w(-6). Let m(s) = -7*s**3 - 11*s**2 + 6*s + 2. Let f(z) = 4*z**3 + 6*z**2 - 3*z - 1. Let c(i) = k*f(i) - 3*m(i). Calculate c(-4).
-